 be (1/(-4))/(20/160). Let t = 68 - 37. Let f = t + n. What is the tens digit of f?
2
Let y(d) = -d**2 + d - 5. Let k be y(3). Let q = 64 + k. Suppose 2*w - 32 = 4*v, -w = -4*w + v + q. What is the tens digit of w?
1
Let t(v) = 837*v - 27. What is the thousands digit of t(2)?
1
Suppose w = n + 73 - 465, -756 = -2*n - 5*w. Let t = n + -273. What is the units digit of t?
5
What is the tens digit of 4 - 3 - -342*(11 - 5)?
5
Let u(m) = m**2 - 7*m + 1. Let d be u(7). Suppose a - d = 3*y, 0*y = a + 3*y - 7. Suppose -55 + a = -3*v. What is the units digit of v?
7
What is the units digit of -2 + (-63)/(-30) + (-5819)/(-10)?
2
Suppose -3*a - 4*q - 11 + 52 = 0, -4*a + 62 = -2*q. Suppose 0*r - 3*j - a = -3*r, 0 = 3*r + 2*j. Suppose r*c = -7 + 51. What is the tens digit of c?
2
Suppose 3*r - 2*c - 46 = 0, -2*c = -r + 10 + 12. Suppose 3*u + 513 = r*u. What is the tens digit of u?
5
Let n(y) = -6*y - 20. Let i be n(-5). Suppose 9 + i = h. What is the tens digit of h?
1
Let u be -2*(-3 + 595/10). Let f = -49 - u. What is the tens digit of f?
6
Let r(d) = -d + 7*d**2 - 40*d**3 - 2*d - 6 + 41*d**3. What is the units digit of r(-4)?
4
Let k(j) = j**3 - 38*j**2 + 4*j - 45. What is the units digit of k(38)?
7
Suppose -4*v + 10900 = 5*i, 2*i - 4*v = -8*v + 4360. What is the tens digit of i?
8
Let s(i) = -i**2 - 7*i + 34. Let h be s(-11). What is the units digit of (-332)/h*(-45)/(-18)?
3
Let j(i) = i**2 - 7*i + 9. Let s be j(7). Suppose 2*p + 88 = x, -3*p + 0 = s. Suppose -x - 4 = -2*u. What is the tens digit of u?
4
Suppose -4*t + 5*t - 4*d = 416, -5*d - 2155 = -5*t. What is the hundreds digit of t?
4
Let u = -999 + 1664. Let b = u + -449. What is the tens digit of b?
1
Suppose -13*b - 12850 = -49263. What is the thousands digit of b?
2
Let d(i) = 5*i**2 - i + 16. Let j(w) = -9*w**2 + 2*w - 31. Let o(y) = -7*d(y) - 4*j(y). Let m be ((-3)/(-6))/(177/30 - 6). What is the units digit of o(m)?
2
Let z(y) be the third derivative of y**6/120 - y**5/15 + y**4/6 + y**3 + y**2. What is the units digit of z(5)?
1
Suppose 3*l - 6 = -3*t, -3*t = 2*t + 3*l. What is the units digit of 26 - t*12/(-9)?
2
Suppose 0 = 5*f - 2799 + 799. What is the hundreds digit of f?
4
Let u(h) = h**3 + 6*h**2 - 6*h + 7. Let r = -10 + 3. Let z be u(r). What is the tens digit of z - (0 + -19) - 0?
1
Let d(p) = p**2 + 1. Let v be d(-3). Let w = v + -7. Let t = -1 + w. What is the units digit of t?
2
Let j be 4/66*-3 + 6/33. Suppose j = 3*u - 6*u + 270. What is the units digit of u?
0
Suppose 5*i + 24 = o, 2*i = -2*o - 0*o. Suppose o*d + 5 - 17 = 0. What is the tens digit of 56 + 2/(d/(-3))?
5
Suppose 4*f - 2*f + 226 = 0. Let i = -69 - f. What is the tens digit of i?
4
Let u = -1135 - -789. Let t = 492 + u. Suppose -5*r + t + 104 = 0. What is the units digit of r?
0
Suppose -2*c - 196 = -5*y, -5*y - 4*c + 0*c = -178. Suppose -4*d - 21 - 35 = 0. Let i = y + d. What is the units digit of i?
4
Let p(x) = 4*x - 4. Let b be p(-1). What is the tens digit of 38 + ((-6)/8)/(2/b)?
4
Suppose 4*z = q + 73 - 336, 0 = -5*q - 5*z + 1215. Let p = q - 89. What is the tens digit of p?
5
Let i = -4 - -38. Suppose -2*f - i = 2*f + 3*d, -3*f - 5*d = 31. What is the units digit of 4 + f + (0 - -47)?
4
Let c(h) = 9*h - 19. What is the hundreds digit of c(42)?
3
Let r be (7 - 228/30)*(-5 + 0). Suppose 4*u = z + 325, 7*u = 4*u - r*z + 240. What is the tens digit of u?
8
Suppose -3*u + 12 = 0, 0 = -0*d - 4*d - 3*u + 20. Suppose 6 = d*m - m. What is the units digit of m?
6
Suppose -4*l = -4*f + 4, 3*f - 21 = -2*f + l. Suppose -432 = -4*b - b - 3*h, -f*b - 2*h + 433 = 0. What is the tens digit of b?
8
Let n be (5 - (-2 + 3))*3/4. Suppose n*t = y - 44 - 45, 20 = 4*t. What is the tens digit of y?
0
Suppose -p + 2*b + 1181 = 0, -2*p - 5*b + 924 + 1456 = 0. What is the tens digit of p?
8
Let c(i) = -2*i**3 - 4*i**2 - 3*i. Let f be c(-2). Let t(n) be the third derivative of n**6/120 - n**5/10 + n**3/2 - 8*n**2. What is the units digit of t(f)?
3
Suppose -2*u + 51 = -41. What is the units digit of (u/4)/(-3 + 21/6)?
3
Let y = -1463 - -2192. What is the units digit of y?
9
Suppose -6*y + 8*y - 54 = 0. Suppose -26*b + y*b = 101. What is the tens digit of b?
0
Suppose -28 = -5*y - 8. Let w be (1 - (y - 2)) + 3. Suppose r - 162 = -w*r. What is the tens digit of r?
5
Suppose -3*m = 2*l + 30 - 1169, 2*m = 2*l + 746. What is the tens digit of m?
7
Let f(h) = -60*h - 20. What is the tens digit of f(-12)?
0
Let g(v) = v**3 + 14*v**2 + 7*v + 71. What is the hundreds digit of g(-12)?
2
Let a(q) be the first derivative of -2*q**2 - 17*q - 94. Let n be ((-5)/((-5)/12))/(-1). What is the units digit of a(n)?
1
Let r(g) = -g**3 + 6*g**2 - 4*g - 6. Let t be r(5). Let o(w) = -19*w - 2. What is the tens digit of o(t)?
1
Suppose n + 0*y = -3*y - 9, 2 = 2*n + y. What is the units digit of n?
3
What is the units digit of ((-835)/(-6) - (-1)/3)*4?
8
Let x = -35 + 33. What is the units digit of (-348)/(-30) + x/(-5)?
2
What is the tens digit of ((-12)/(-7))/((-56617)/(-8085) + -7)?
3
Let q(w) = 2*w - 5. Let n be q(5). Suppose 5*h + 57 - 20 = z, -141 = -n*z + 3*h. What is the units digit of z?
7
What is the tens digit of -72*((-20)/16 - 4)?
7
Let v(i) = i**3 - 17*i + 4*i**3 + 4 + 19*i**2 + 1 + 4. Let h(a) = -2*a**3 - 9*a**2 + 8*a - 4. Let o(l) = -7*h(l) - 3*v(l). What is the units digit of o(5)?
1
Let w(n) = -68*n**3 - 21*n**2 + 4*n - 1. What is the units digit of w(-2)?
1
What is the tens digit of ((-1)/1)/((-25)/1325)?
5
Suppose 0 = 2*f + 3*a + 4, 5*a + 16 = f - 8. Let g be 84/15 + 2/5. What is the units digit of (-6 + 2)/f + g?
5
Let w(b) = -b**3 - 15*b**2 + 44*b + 38. What is the hundreds digit of w(-19)?
6
Let g(r) = -3*r**2 - 42*r + 2. Let o be g(-14). Suppose f = -2*v - o*f + 335, 4*v - 695 = -f. What is the units digit of v?
5
Let f(i) = i**2 + 3*i. Let l be f(-3). Suppose -9*w + w + 688 = l. What is the tens digit of w?
8
Let y = 12 + 3. Let u = y + 0. Let j(v) = v**3 - 14*v**2 - 14*v - 12. What is the units digit of j(u)?
3
Let l = 5789 - 1856. What is the hundreds digit of l?
9
What is the tens digit of (-72)/(-54)*(-1461)/(-4)?
8
Let m = -20 + 101. Suppose 21 = 2*k + 99. Let a = m + k. What is the units digit of a?
2
What is the hundreds digit of 58/((-1036)/525 - -2)?
1
Let i = 6 + -10. Let q = i - -8. What is the tens digit of 123/q + (-3)/4?
3
Let b = 24 + -21. Suppose -5*g + b*s = -518, 0 = g + 2*g - 3*s - 306. Suppose -2*z + g = 3*m, 3*z + 1 = 2*m - 74. What is the tens digit of m?
3
Let g(d) = 0 + 2 - 5 + 3*d + 0. Let l be g(4). Let z = 19 - l. What is the units digit of z?
0
Let f be (-1)/(-3)*(-21 - 6). Let k(q) = q**3 + 13*q**2 + 15*q + 12. What is the tens digit of k(f)?
0
Suppose 183 = 29*d - 28*d. What is the tens digit of d?
8
Let p be (1 + (3 - -23))*57. Suppose 245 = 8*s - p. What is the units digit of s?
3
Let i = 20 + -20. Suppose -4*g + 2 - 6 = i, 4*u - g - 1 = 0. Suppose u = -k - k + 42. What is the units digit of k?
1
Let x be ((-3)/(-6) + -1)*0. Let n(y) = 3*y**2 + 7*y. Let o be n(5). Suppose -z + 6*z - o = x. What is the tens digit of z?
2
Let u(y) = y**3 - 6*y**2 + 27*y - 77. What is the tens digit of u(8)?
6
Suppose 1 + 3 = 2*s. Let v(f) = 2*f - 5. Let j be v(5). What is the units digit of (-35)/s*(-12)/j?
2
Let d(z) be the second derivative of z**3/2 - 3*z. Let n be d(1). What is the units digit of 13/n + (-2)/(-3)?
5
Let i = 1827 - 707. What is the units digit of i?
0
Suppose -13477 - 54893 = -30*z. What is the thousands digit of z?
2
Suppose 4*h + h - 166 = -u, -4*h + 128 = 2*u. Suppose -h = 2*a - 132. What is the tens digit of a?
4
Let u(r) = 6*r**3 - 15*r**2 + 17*r - 2. Let b(a) = 7*a**3 - 15*a**2 + 18*a - 3. Let h(c) = 5*b(c) - 6*u(c). Let z = -8 + 22. What is the units digit of h(z)?
5
Let k = 1468 + -753. What is the hundreds digit of k?
7
Suppose 2*a = 3*j + 1, 2*j + 2*j - a - 7 = 0. Suppose -2*r + 4*r - 3*h = 110, j*h - 12 = 0. What is the units digit of r?
1
Suppose 2*t - 167 = 141. Suppose 0 = -4*l - 2*x - x - 134, 5*l - 3*x = -t. What is the units digit of 12/(4/(l/(-3)))?
2
Let f(b) be the first derivative of b**3/2 + 7*b**2 - 4*b - 2. Let u(p) be the first derivative of f(p). What is the units digit of u(8)?
8
What is the units digit of (-2 + 3)/((-22)/(-880))?
0
Let s(n) = n**3 + 4*n**2 - 12*n + 3. 